{"id":3616,"date":"2020-09-18T11:18:45","date_gmt":"2020-09-18T11:18:45","guid":{"rendered":"https:\/\/sue\u00f1azul.com\/?page_id=3616"},"modified":"2020-11-12T20:24:05","modified_gmt":"2020-11-12T20:24:05","slug":"catalogo","status":"publish","type":"page","link":"https:\/\/sue\u00f1azul.com\/?page_id=3616","title":{"rendered":"FRANCO FURNITURE"},"content":{"rendered":"\n\n\t<p>Cat\u00e1logo Franco Furniture<\/p>\n\t\t\t\t<img src=\"https:\/\/sue\u00f1azul.com\/wp-content\/uploads\/2020\/09\/acabados-digital.jpg\" alt=\"acabados-digital\"\/>\n\t\t\t<h3>ACABADOS DIGITAL<\/h3>\n\t\t\t\t<p>VER CAT\u00c1LOGO<\/p>\n\t\t<a href=\"wp-content\/uploads\/catalogos\/acabados-digital.pdf\" target=\"_blank\" rel=\"noopener noreferrer\"><\/a>\n\t\t\t\t<img src=\"https:\/\/sue\u00f1azul.com\/wp-content\/uploads\/2020\/09\/avanty.jpg\" alt=\"avanty\"\/>\n\t\t\t<h3>AVANTY<\/h3>\n\t\t\t\t<p>VER CAT\u00c1LOGO<\/p>\n\t\t<a href=\"wp-content\/uploads\/catalogos\/avanty.pdf\" target=\"_blank\" rel=\"noopener noreferrer\"><\/a>\n\t\t\t\t<img src=\"https:\/\/sue\u00f1azul.com\/wp-content\/uploads\/2020\/09\/azkary.jpg\" alt=\"azkary\"\/>\n\t\t\t<h3>AZKARY 2<\/h3>\n\t\t\t\t<p>VER CAT\u00c1LOGO<\/p>\n\t\t<a href=\"wp-content\/uploads\/catalogos\/azkary2.pdf\" target=\"_blank\" rel=\"noopener noreferrer\"><\/a>\n\t\t\t\t<img src=\"https:\/\/sue\u00f1azul.com\/wp-content\/uploads\/2020\/09\/serik-2.jpg\" alt=\"serik-2\"\/>\n\t\t\t<h3>SERIK KORA KRYSTALL<\/h3>\n\t\t\t\t<p>VER CAT\u00c1LOGO<\/p>\n\t\t<a href=\"wp-content\/uploads\/catalogos\/serik-kora.pdf\" target=\"_blank\" rel=\"noopener noreferrer\"><\/a>\n\t\t\t\t<img src=\"https:\/\/sue\u00f1azul.com\/wp-content\/uploads\/2020\/09\/serik.jpg\" alt=\"serik\"\/>\n\t\t\t<h3>SERIK LIMITED<\/h3>\n\t\t\t\t<p>VER CAT\u00c1LOGO<\/p>\n\t\t<a href=\"wp-content\/uploads\/catalogos\/serik2.pdf\" target=\"_blank\" rel=\"noopener noreferrer\"><\/a>\n\t\t\t\t<img src=\"https:\/\/sue\u00f1azul.com\/wp-content\/uploads\/2020\/09\/serik-1.jpg\" alt=\"serik\"\/>\n\t\t\t<h3>SERIK COLLECTION<\/h3>\n\t\t\t\t<p>VER CAT\u00c1LOGO<\/p>\n\t\t<a href=\"wp-content\/uploads\/catalogos\/serik-by-franco.pdf\" target=\"_blank\" rel=\"noopener noreferrer\"><\/a>\n\t\t\t\t<img src=\"https:\/\/sue\u00f1azul.com\/wp-content\/uploads\/2020\/09\/dormitorios-vol1.jpg\" alt=\"dormitorios-vol1\"\/>\n\t\t\t<h3>DORMITORIOS VOL1<\/h3>\n\t\t\t\t<p>VER CAT\u00c1LOGO<\/p>\n\t\t<a href=\"wp-content\/uploads\/catalogos\/dormitorios-vol1.pdf\" target=\"_blank\" rel=\"noopener noreferrer\"><\/a>\n\t\t\t\t<img src=\"https:\/\/sue\u00f1azul.com\/wp-content\/uploads\/2020\/09\/dormitorios-vol2.jpg\" alt=\"dormitorios-vol2\"\/>\n\t\t\t<h3>DORMITORIOS VOL2<\/h3>\n\t\t\t\t<p>VER CAT\u00c1LOGO<\/p>\n\t\t<a href=\"wp-content\/uploads\/catalogos\/dormitorios-vol2.pdf\" target=\"_blank\" rel=\"noopener noreferrer\"><\/a>\n\t\t\t\t<img src=\"https:\/\/sue\u00f1azul.com\/wp-content\/uploads\/2020\/09\/dormitorios-vol3.jpg\" alt=\"dormitorios-vol3\"\/>\n\t\t\t<h3>DORMITORIOS VOL3<\/h3>\n\t\t\t\t<p>VER CAT\u00c1LOGO<\/p>\n\t\t<a href=\"wp-content\/uploads\/catalogos\/dormitorios-vol3.pdf\" target=\"_blank\" rel=\"noopener noreferrer\"><\/a>\n\t\t\t\t<img src=\"https:\/\/sue\u00f1azul.com\/wp-content\/uploads\/2020\/09\/curve.jpg\" alt=\"curve\"\/>\n\t\t\t<h3>CURVE<\/h3>\n\t\t\t\t<p>VER CAT\u00c1LOGO<\/p>\n\t\t<a href=\"wp-content\/uploads\/catalogos\/curve.pdf\" target=\"_blank\" rel=\"noopener noreferrer\"><\/a>\n\t\t\t\t<img src=\"https:\/\/sue\u00f1azul.com\/wp-content\/uploads\/2020\/09\/enzo.jpg\" alt=\"enzo\"\/>\n\t\t\t<h3>ENZO<\/h3>\n\t\t\t\t<p>VER CAT\u00c1LOGO<\/p>\n\t\t<a href=\"wp-content\/uploads\/catalogos\/enzo.pdf\" target=\"_blank\" rel=\"noopener noreferrer\"><\/a>\n\t\t\t\t<img src=\"https:\/\/sue\u00f1azul.com\/wp-content\/uploads\/2020\/09\/franco-furniture.jpg\" alt=\"franco-furniture\"\/>\n\t\t\t<h3>SELECCI\u00d3N<\/h3>\n\t\t\t\t<p>VER CAT\u00c1LOGO<\/p>\n\t\t<a href=\"wp-content\/uploads\/catalogos\/seleccion.pdf\" target=\"_blank\" rel=\"noopener noreferrer\"><\/a>\n\t\t\t\t<img src=\"https:\/\/sue\u00f1azul.com\/wp-content\/uploads\/2020\/09\/new-bella.jpg\" alt=\"new-bella\"\/>\n\t\t\t<h3>NEW BELLA<\/h3>\n\t\t\t\t<p>VER CAT\u00c1LOGO<\/p>\n\t\t<a href=\"wp-content\/uploads\/catalogos\/new-bella.pdf\" target=\"_blank\" rel=\"noopener noreferrer\"><\/a>\n\n","protected":false},"excerpt":{"rendered":"<p>Cat\u00e1logo Franco Furniture ACABADOS DIGITAL VER CAT\u00c1LOGO AVANTY VER CAT\u00c1LOGO AZKARY 2 VER CAT\u00c1LOGO SERIK KORA KRYSTALL VER CAT\u00c1LOGO SERIK LIMITED VER CAT\u00c1LOGO SERIK COLLECTION VER CAT\u00c1LOGO DORMITORIOS VOL1 VER CAT\u00c1LOGO DORMITORIOS VOL2 VER CAT\u00c1LOGO DORMITORIOS VOL3 VER CAT\u00c1LOGO CURVE VER CAT\u00c1LOGO ENZO VER CAT\u00c1LOGO SELECCI\u00d3N VER CAT\u00c1LOGO NEW BELLA VER CAT\u00c1LOGO<\/p>\n","protected":false},"author":1,"featured_media":0,"parent":0,"menu_order":0,"comment_status":"closed","ping_status":"closed","template":"","meta":[],"yoast_head":"<!-- This site is optimized with the Yoast SEO plugin v15.9.2 - https:\/\/yoast.com\/wordpress\/plugins\/seo\/ -->\n<title>FRANCO FURNITURE - Sue\u00f1Azul<\/title>\n<meta name=\"robots\" content=\"index, follow, max-snippet:-1, max-image-preview:large, max-video-preview:-1\" \/>\n<link rel=\"canonical\" href=\"https:\/\/sue\u00f1azul.com\/?page_id=3616\" \/>\n<meta property=\"og:locale\" content=\"es_ES\" \/>\n<meta property=\"og:type\" content=\"article\" \/>\n<meta property=\"og:title\" content=\"FRANCO FURNITURE - Sue\u00f1Azul\" \/>\n<meta property=\"og:description\" content=\"Cat\u00e1logo Franco Furniture ACABADOS DIGITAL VER CAT\u00c1LOGO AVANTY VER CAT\u00c1LOGO AZKARY 2 VER CAT\u00c1LOGO SERIK KORA KRYSTALL VER CAT\u00c1LOGO SERIK LIMITED VER CAT\u00c1LOGO SERIK COLLECTION VER CAT\u00c1LOGO DORMITORIOS VOL1 VER CAT\u00c1LOGO DORMITORIOS VOL2 VER CAT\u00c1LOGO DORMITORIOS VOL3 VER CAT\u00c1LOGO CURVE VER CAT\u00c1LOGO ENZO VER CAT\u00c1LOGO SELECCI\u00d3N VER CAT\u00c1LOGO NEW BELLA VER CAT\u00c1LOGO\" \/>\n<meta property=\"og:url\" content=\"https:\/\/sue\u00f1azul.com\/?page_id=3616\" \/>\n<meta property=\"og:site_name\" content=\"Sue\u00f1Azul\" \/>\n<meta property=\"article:modified_time\" content=\"2020-11-12T20:24:05+00:00\" \/>\n<meta property=\"og:image\" content=\"https:\/\/sue\u00f1azul.com\/wp-content\/uploads\/2020\/09\/acabados-digital.jpg\" \/>\n<meta name=\"twitter:card\" content=\"summary_large_image\" \/>\n<script type=\"application\/ld+json\" class=\"yoast-schema-graph\">{\"@context\":\"https:\/\/schema.org\",\"@graph\":[{\"@type\":\"WebSite\",\"@id\":\"https:\/\/sue\\u00f1azul.com\/#website\",\"url\":\"https:\/\/sue\\u00f1azul.com\/\",\"name\":\"Sue\\u00f1Azul\",\"description\":\"Somos una empresa especializada en la venta de art\\u00edculos de descanso, sof\\u00e1s y complementos para el hogar. Destacamos por ser una de las empresas l\\u00edder del sector del mobiliario descanso.\",\"potentialAction\":[{\"@type\":\"SearchAction\",\"target\":\"https:\/\/sue\\u00f1azul.com\/?s={search_term_string}\",\"query-input\":\"required name=search_term_string\"}],\"inLanguage\":\"es\"},{\"@type\":\"ImageObject\",\"@id\":\"https:\/\/sue\\u00f1azul.com\/?page_id=3616#primaryimage\",\"inLanguage\":\"es\",\"url\":\"https:\/\/sue\\u00f1azul.com\/wp-content\/uploads\/2020\/09\/acabados-digital.jpg\",\"width\":786,\"height\":405},{\"@type\":\"WebPage\",\"@id\":\"https:\/\/sue\\u00f1azul.com\/?page_id=3616#webpage\",\"url\":\"https:\/\/sue\\u00f1azul.com\/?page_id=3616\",\"name\":\"FRANCO FURNITURE - Sue\\u00f1Azul\",\"isPartOf\":{\"@id\":\"https:\/\/sue\\u00f1azul.com\/#website\"},\"primaryImageOfPage\":{\"@id\":\"https:\/\/sue\\u00f1azul.com\/?page_id=3616#primaryimage\"},\"datePublished\":\"2020-09-18T11:18:45+00:00\",\"dateModified\":\"2020-11-12T20:24:05+00:00\",\"breadcrumb\":{\"@id\":\"https:\/\/sue\\u00f1azul.com\/?page_id=3616#breadcrumb\"},\"inLanguage\":\"es\",\"potentialAction\":[{\"@type\":\"ReadAction\",\"target\":[\"https:\/\/sue\\u00f1azul.com\/?page_id=3616\"]}]},{\"@type\":\"BreadcrumbList\",\"@id\":\"https:\/\/sue\\u00f1azul.com\/?page_id=3616#breadcrumb\",\"itemListElement\":[{\"@type\":\"ListItem\",\"position\":1,\"item\":{\"@type\":\"WebPage\",\"@id\":\"https:\/\/sue\\u00f1azul.com\/\",\"url\":\"https:\/\/sue\\u00f1azul.com\/\",\"name\":\"Portada\"}},{\"@type\":\"ListItem\",\"position\":2,\"item\":{\"@type\":\"WebPage\",\"@id\":\"https:\/\/sue\\u00f1azul.com\/?page_id=3616\",\"url\":\"https:\/\/sue\\u00f1azul.com\/?page_id=3616\",\"name\":\"FRANCO FURNITURE\"}}]}]}<\/script>\n<!-- \/ Yoast SEO plugin. -->","_links":{"self":[{"href":"https:\/\/sue\u00f1azul.com\/index.php?rest_route=\/wp\/v2\/pages\/3616"}],"collection":[{"href":"https:\/\/sue\u00f1azul.com\/index.php?rest_route=\/wp\/v2\/pages"}],"about":[{"href":"https:\/\/sue\u00f1azul.com\/index.php?rest_route=\/wp\/v2\/types\/page"}],"author":[{"embeddable":true,"href":"https:\/\/sue\u00f1azul.com\/index.php?rest_route=\/wp\/v2\/users\/1"}],"replies":[{"embeddable":true,"href":"https:\/\/sue\u00f1azul.com\/index.php?rest_route=%2Fwp%2Fv2%2Fcomments&post=3616"}],"version-history":[{"count":13,"href":"https:\/\/sue\u00f1azul.com\/index.php?rest_route=\/wp\/v2\/pages\/3616\/revisions"}],"predecessor-version":[{"id":8138,"href":"https:\/\/sue\u00f1azul.com\/index.php?rest_route=\/wp\/v2\/pages\/3616\/revisions\/8138"}],"wp:attachment":[{"href":"https:\/\/sue\u00f1azul.com\/index.php?rest_route=%2Fwp%2Fv2%2Fmedia&parent=3616"}],"curies":[{"name":"wp","href":"https:\/\/api.w.org\/{rel}","templated":true}]}}