{"id":399,"date":"2020-06-19T09:51:27","date_gmt":"2020-06-19T09:51:27","guid":{"rendered":"https:\/\/sue\u00f1azul.com\/?post_type=product&#038;p=399"},"modified":"2020-06-19T10:03:56","modified_gmt":"2020-06-19T10:03:56","slug":"california-bufalo-gris-chaise","status":"publish","type":"product","link":"https:\/\/sue\u00f1azul.com\/?product=california-bufalo-gris-chaise","title":{"rendered":"California Bufalo Gris Chaise"},"content":{"rendered":"","protected":false},"excerpt":{"rendered":"<p>Sof\u00e1 Chaise Longe con armaz\u00f3n de pino Gallego, respaldos y brazos<br \/>\nde fibra 100%. Asientos deslizantes, de 30kg recubiertos de fibra.<br \/>\nCabezales reclinables. Incluye 2 puffs en el brazo corto. Opci\u00f3n<br \/>\nde arc\u00f3n en la chaise. Tapizado en tela b\u00fafalo simil piel vuelta con<br \/>\ndoble costura o tela antimanchas monet. Fotograf\u00eda ejemplo en monet<br \/>\nHAMSTER )<\/p>\n<p>\uf0e0280 (Opcional 250) x \uf0e1100 x \uf0e4170 cm.<\/p>\n","protected":false},"featured_media":400,"comment_status":"open","ping_status":"closed","template":"","meta":[],"yoast_head":"<!-- This site is optimized with the Yoast SEO plugin v15.9.2 - https:\/\/yoast.com\/wordpress\/plugins\/seo\/ -->\n<title>California Bufalo Gris Chaise - Sue\u00f1Azul<\/title>\n<meta name=\"robots\" content=\"index, follow, max-snippet:-1, max-image-preview:large, max-video-preview:-1\" \/>\n<link rel=\"canonical\" href=\"https:\/\/sue\u00f1azul.com\/?product=california-bufalo-gris-chaise\" \/>\n<meta property=\"og:locale\" content=\"es_ES\" \/>\n<meta property=\"og:type\" content=\"article\" \/>\n<meta property=\"og:title\" content=\"California Bufalo Gris Chaise - Sue\u00f1Azul\" \/>\n<meta property=\"og:description\" content=\"Sof\u00e1 Chaise Longe con armaz\u00f3n de pino Gallego, respaldos y brazos de fibra 100%. Asientos deslizantes, de 30kg recubiertos de fibra. Cabezales reclinables. Incluye 2 puffs en el brazo corto. Opci\u00f3n de arc\u00f3n en la chaise. Tapizado en tela b\u00fafalo simil piel vuelta con doble costura o tela antimanchas monet. Fotograf\u00eda ejemplo en monet HAMSTER )  \uf0e0280 (Opcional 250) x \uf0e1100 x \uf0e4170 cm.\" \/>\n<meta property=\"og:url\" content=\"https:\/\/sue\u00f1azul.com\/?product=california-bufalo-gris-chaise\" \/>\n<meta property=\"og:site_name\" content=\"Sue\u00f1Azul\" \/>\n<meta property=\"article:modified_time\" content=\"2020-06-19T10:03:56+00:00\" \/>\n<meta property=\"og:image\" content=\"https:\/\/sue\u00f1azul.com\/wp-content\/uploads\/2020\/06\/CALIFORNIA-scaled.jpg\" \/>\n\t<meta property=\"og:image:width\" content=\"2560\" \/>\n\t<meta property=\"og:image:height\" content=\"1461\" \/>\n<meta name=\"twitter:card\" content=\"summary_large_image\" \/>\n<script type=\"application\/ld+json\" class=\"yoast-schema-graph\">{\"@context\":\"https:\/\/schema.org\",\"@graph\":[{\"@type\":\"WebSite\",\"@id\":\"https:\/\/sue\\u00f1azul.com\/#website\",\"url\":\"https:\/\/sue\\u00f1azul.com\/\",\"name\":\"Sue\\u00f1Azul\",\"description\":\"Somos una empresa especializada en la venta de art\\u00edculos de descanso, sof\\u00e1s y complementos para el hogar. Destacamos por ser una de las empresas l\\u00edder del sector del mobiliario descanso.\",\"potentialAction\":[{\"@type\":\"SearchAction\",\"target\":\"https:\/\/sue\\u00f1azul.com\/?s={search_term_string}\",\"query-input\":\"required name=search_term_string\"}],\"inLanguage\":\"es\"},{\"@type\":\"ImageObject\",\"@id\":\"https:\/\/sue\\u00f1azul.com\/?product=california-bufalo-gris-chaise#primaryimage\",\"inLanguage\":\"es\",\"url\":\"https:\/\/sue\\u00f1azul.com\/wp-content\/uploads\/2020\/06\/CALIFORNIA-scaled.jpg\",\"width\":2560,\"height\":1461},{\"@type\":\"WebPage\",\"@id\":\"https:\/\/sue\\u00f1azul.com\/?product=california-bufalo-gris-chaise#webpage\",\"url\":\"https:\/\/sue\\u00f1azul.com\/?product=california-bufalo-gris-chaise\",\"name\":\"California Bufalo Gris Chaise - Sue\\u00f1Azul\",\"isPartOf\":{\"@id\":\"https:\/\/sue\\u00f1azul.com\/#website\"},\"primaryImageOfPage\":{\"@id\":\"https:\/\/sue\\u00f1azul.com\/?product=california-bufalo-gris-chaise#primaryimage\"},\"datePublished\":\"2020-06-19T09:51:27+00:00\",\"dateModified\":\"2020-06-19T10:03:56+00:00\",\"breadcrumb\":{\"@id\":\"https:\/\/sue\\u00f1azul.com\/?product=california-bufalo-gris-chaise#breadcrumb\"},\"inLanguage\":\"es\",\"potentialAction\":[{\"@type\":\"ReadAction\",\"target\":[\"https:\/\/sue\\u00f1azul.com\/?product=california-bufalo-gris-chaise\"]}]},{\"@type\":\"BreadcrumbList\",\"@id\":\"https:\/\/sue\\u00f1azul.com\/?product=california-bufalo-gris-chaise#breadcrumb\",\"itemListElement\":[{\"@type\":\"ListItem\",\"position\":1,\"item\":{\"@type\":\"WebPage\",\"@id\":\"https:\/\/sue\\u00f1azul.com\/\",\"url\":\"https:\/\/sue\\u00f1azul.com\/\",\"name\":\"Portada\"}},{\"@type\":\"ListItem\",\"position\":2,\"item\":{\"@type\":\"WebPage\",\"@id\":\"https:\/\/sue\\u00f1azul.com\/?page_id=264\",\"url\":\"https:\/\/sue\\u00f1azul.com\/?page_id=264\",\"name\":\"Tienda\"}},{\"@type\":\"ListItem\",\"position\":3,\"item\":{\"@type\":\"WebPage\",\"@id\":\"https:\/\/sue\\u00f1azul.com\/?product=california-bufalo-gris-chaise\",\"url\":\"https:\/\/sue\\u00f1azul.com\/?product=california-bufalo-gris-chaise\",\"name\":\"California Bufalo Gris Chaise\"}}]}]}<\/script>\n<!-- \/ Yoast SEO plugin. -->","_links":{"self":[{"href":"https:\/\/sue\u00f1azul.com\/index.php?rest_route=\/wp\/v2\/product\/399"}],"collection":[{"href":"https:\/\/sue\u00f1azul.com\/index.php?rest_route=\/wp\/v2\/product"}],"about":[{"href":"https:\/\/sue\u00f1azul.com\/index.php?rest_route=\/wp\/v2\/types\/product"}],"replies":[{"embeddable":true,"href":"https:\/\/sue\u00f1azul.com\/index.php?rest_route=%2Fwp%2Fv2%2Fcomments&post=399"}],"wp:featuredmedia":[{"embeddable":true,"href":"https:\/\/sue\u00f1azul.com\/index.php?rest_route=\/wp\/v2\/media\/400"}],"wp:attachment":[{"href":"https:\/\/sue\u00f1azul.com\/index.php?rest_route=%2Fwp%2Fv2%2Fmedia&parent=399"}],"curies":[{"name":"wp","href":"https:\/\/api.w.org\/{rel}","templated":true}]}}